f 304 and 418.
38
Calculate the highest common divisor of 1152 and 27.
9
What is the greatest common divisor of 1265 and 115?
115
What is the greatest common divisor of 11 and 77?
11
What is the highest common divisor of 1770 and 472?
118
Calculate the greatest common divisor of 4731 and 249.
249
Calculate the highest common divisor of 58 and 13166.
58
What is the greatest common factor of 15 and 240?
15
Calculate the greatest common factor of 160 and 30.
10
Calculate the greatest common divisor of 27 and 12.
3
What is the greatest common divisor of 2300 and 92?
92
Calculate the highest common factor of 100 and 60.
20
What is the highest common divisor of 17 and 13447?
17
Calculate the greatest common divisor of 34 and 1666.
34
Calculate the highest common divisor of 27 and 24.
3
What is the greatest common divisor of 96 and 1616?
16
Calculate the greatest common divisor of 1 and 25.
1
Calculate the highest common divisor of 665 and 1197.
133
What is the greatest common divisor of 23 and 3933?
23
What is the highest common divisor of 11522 and 14?
14
What is the highest common factor of 745 and 5?
5
Calculate the greatest common divisor of 1520 and 437.
19
What is the greatest common factor of 1737 and 6562?
193
Calculate the highest common factor of 1743 and 98.
7
Calculate the highest common divisor of 429 and 117.
39
Calculate the highest common factor of 756 and 216.
108
What is the highest common divisor of 34 and 1088?
34
What is the highest common divisor of 59 and 59?
59
Calculate the greatest common divisor of 24 and 8376.
24
Calculate the highest common divisor of 8 and 72.
8
Calculate the greatest common factor of 72 and 360.
72
Calculate the greatest common divisor of 312 and 1.
1
Calculate the greatest common divisor of 55 and 2530.
55
What is the highest common factor of 60 and 2436?
12
What is the highest common factor of 13689 and 468?
117
What is the highest common divisor of 486 and 99?
9
Calculate the highest common factor of 41 and 205.
41
What is the highest common factor of 247 and 133?
19
Calculate the highest common factor of 300 and 6825.
75
What is the greatest common divisor of 90 and 1170?
90
What is the greatest common divisor of 360 and 288?
72
Calculate the greatest common factor of 14 and 161.
7
Calculate the highest common divisor of 1728 and 2700.
108
Calculate the highest common factor of 43747 and 11.
11
Calculate the greatest common factor of 50496 and 48.
48
What is the greatest common factor of 68 and 1785?
17
Calculate the highest common divisor of 81 and 891.
81
What is the highest common factor of 49 and 2?
1
What is the highest common divisor of 517 and 11?
11
Calculate the greatest common divisor of 116 and 1537.
29
Calculate the greatest common divisor of 88 and 38500.
44
What is the greatest common divisor of 272 and 240?
16
Calculate the highest common divisor of 7 and 203.
7
Calculate the greatest common factor of 272 and 340.
68
What is the highest common factor of 3021 and 57?
57
Calculate the greatest common divisor of 270 and 28404.
54
What is the greatest common factor of 18001 and 47?
47
What is the highest common factor of 1104 and 690?
138
Calculate the highest common factor of 84 and 588.
84
Calculate the greatest common factor of 852 and 12.
12
Calculate the greatest common divisor of 480 and 288.
96
Calculate the highest common factor of 65 and 5330.
65
What is the highest common divisor of 2769 and 39?
39
What is the greatest common factor of 2140 and 15?
5
Calculate the greatest common divisor of 400 and 9400.
200
What is the greatest common divisor of 30 and 3?
3
Calculate the greatest common factor of 2014 and 19.
19
Calculate the highest common factor of 65 and 50.
5
Calculate the highest common factor of 272 and 493.
17
Calculate the greatest common factor of 249 and 3.
3
Calculate the highest common divisor of 11999 and 169.
169
What is the greatest common divisor of 6723 and 83?
83
What is the greatest common divisor of 1912 and 8?
8
What is the greatest common factor of 210 and 12642?
42
What is the highest common factor of 2744 and 112?
56
Calculate the highest common factor of 357 and 204.
51
What is the greatest common divisor of 426 and 24?
6
Calculate the highest common factor of 16 and 22.
2
What is the greatest common divisor of 255 and 612?
51
What is the greatest common factor of 1029 and 21?
21
What is the greatest common factor of 180 and 17460?
180
What is the greatest common divisor of 9 and 39?
3
What is the highest common divisor of 245 and 539?
49
Calculate the greatest common factor of 5535 and 492.
123
What is the highest common divisor of 5724 and 108?
108
What is the highest common factor of 3621 and 1136?
71
Calculate the highest common factor of 4 and 236.
4
Calculate the greatest common divisor of 5837 and 1347.
449
What is the greatest common divisor of 1551 and 297?
33
What is the highest common factor of 35 and 56?
7
What is the highest common factor of 64 and 4?
4
What is the greatest common factor of 200 and 120?
40
Calculate the greatest common factor of 50 and 13850.
50
What is the greatest common factor of 126 and 147?
21
Calculate the greatest common divisor of 51 and 1751.
17
Calculate the greatest common divisor of 118 and 590.
118
Calculate the greatest common divisor of 96 and 2748.
12
Calculate the highest common factor of 3870 and 180.
90
Calculate the highest common factor of 24311 and 46.
23
Calculate the greatest common factor of 24 and 96.
24
Calculate the greatest common divisor of 80 and 110.
10
What is the greatest common factor of 15 and 13545?
15
What is the greatest common factor of 72 and 8?
8
Calculate the highest common factor of 60 and 40.
20
Calculate the highest common factor of 13712 and 80.
16
What is the highest common divisor of 777 and 333?
111
What is the highest common factor of 111 and 15?
3
Calculate the greatest common factor of 3 and 1137.
3
What is the highest common factor of 665 and 190?
95
What is the highest common factor of 406 and 232?
58
Calculate the greatest common factor of 2444 and 156.
52
What is the highest common factor of 10 and 2230?
10
What is the highest common divisor of 4454 and 393?
131
Calculate the highest common divisor of 502 and 34.
2
What is the highest common divisor of 170 and 1802?
34
Calculate the greatest common divisor of 23 and 1.
1
Calculate the highest common factor of 357 and 1173.
51
Calculate the greatest common divisor of 474 and 108.
6
Calculate the highest common factor of 200 and 1675.
25
What is the highest common divisor of 53882 and 58?
58
What is the greatest common factor of 10220 and 84?
28
Calculate the greatest common divisor of 29507 and 76.
19
Calculate the highest common factor of 867 and 2023.
289
What is the greatest common factor of 11 and 4?
1
Calculate the highest common divisor of 22 and 957.
11
Calculate the highest common factor of 25 and 915.
5
Calculate the greatest common divisor of 1168 and 14.
2
Calculate the greatest common factor of 284 and 1207.
71
What is the greatest common factor of 12 and 176?
4
Calculate the greatest common divisor of 8798 and 1162.
166
Calculate the greatest common factor of 45 and 4770.
45
What is the greatest common divisor of 12 and 516?
12
Calculate the highest common divisor of 5306 and 112.
14
Calculate the highest common divisor of 37 and 2738.
37
What is the highest common factor of 16 and 920?
8
What is the highest common factor of 246 and 20787?
123
Calculate the greatest common factor of 37681 and 49.
49
Calculate the greatest common divisor of 125 and 5.
5
What is the greatest common factor of 2607 and 132?
33
Calculate the highest common factor of 972 and 3132.
108
Calculate the greatest common divisor of 16 and 2.
2
Calculate the greatest common factor of 416 and 40.
8
What is the greatest common factor of 294 and 1568?
98
What is the highest common factor of 1005 and 15?
15
What is the highest common factor of 256 and 5?
1
What is the greatest common divisor of 6 and 486?
6
Calculate the highest common factor of 66 and 8448.
66
What is the highest common divisor of 2984 and 8?
8
What is the greatest common divisor of 77 and 44?
11
Calculate the highest common divisor of 18 and 486.
18
Calculate the gr